{"id":86143,"date":"2020-04-14T10:09:01","date_gmt":"2020-04-14T13:09:01","guid":{"rendered":"http:\/\/megag.com.br\/?page_id=86143"},"modified":"2021-05-24T18:02:04","modified_gmt":"2021-05-24T21:02:04","slug":"marcas-proprias","status":"publish","type":"page","link":"https:\/\/megag.com.br\/espaco-fornecedores\/marcas-proprias\/","title":{"rendered":"Marcas Pr\u00f3prias"},"content":{"rendered":"<h3>Um bom resultado come\u00e7a com boas escolhas!<\/h3>\n<p>Buscamos frequentemente fechar acordos com parceiros para viabilizar bons neg\u00f3cios e oferecer produtos de qualidade com melhor custo-benef\u00edcio.<\/p>\n<p>Gra\u00e7as a esses parceiros contamos atualmente com um mix de produtos pr\u00f3prios que inclui: mussarela, requeij\u00e3o, tomate seco, parmes\u00e3o ralado, calabresa, or\u00e9gano, azeitona e farinha.<\/p>\n<p>Conhe\u00e7a a nossa linha de marcas pr\u00f3prias.<\/p>\n","protected":false},"excerpt":{"rendered":"<p>Um bom resultado come\u00e7a com boas escolhas! Buscamos frequentemente fechar acordos com parceiros para viabilizar bons neg\u00f3cios e oferecer produtos de qualidade com melhor custo-benef\u00edcio. Gra\u00e7as a esses parceiros contamos atualmente com um mix de produtos pr\u00f3prios que inclui: mussarela, requeij\u00e3o, tomate seco, parmes\u00e3o ralado, calabresa, or\u00e9gano, azeitona e farinha. Conhe\u00e7a a nossa linha de [&hellip;]<\/p>\n","protected":false},"author":101054,"featured_media":0,"parent":0,"menu_order":0,"comment_status":"closed","ping_status":"closed","template":"page-marcasproprias.php","meta":[],"yoast_head":"<!-- This site is optimized with the Yoast SEO plugin v17.0 - https:\/\/yoast.com\/wordpress\/plugins\/seo\/ -->\n<meta name=\"robots\" content=\"noindex, follow, max-snippet:-1, max-image-preview:large, max-video-preview:-1\" \/>\n<meta property=\"og:locale\" content=\"pt_BR\" \/>\n<meta property=\"og:type\" content=\"article\" \/>\n<meta property=\"og:title\" content=\"Marcas Pr\u00f3prias - MegaG\" \/>\n<meta property=\"og:description\" content=\"Um bom resultado come\u00e7a com boas escolhas! Buscamos frequentemente fechar acordos com parceiros para viabilizar bons neg\u00f3cios e oferecer produtos de qualidade com melhor custo-benef\u00edcio. Gra\u00e7as a esses parceiros contamos atualmente com um mix de produtos pr\u00f3prios que inclui: mussarela, requeij\u00e3o, tomate seco, parmes\u00e3o ralado, calabresa, or\u00e9gano, azeitona e farinha. Conhe\u00e7a a nossa linha de [&hellip;]\" \/>\n<meta property=\"og:url\" content=\"https:\/\/megag.com.br\/espaco-fornecedores\/marcas-proprias\/\" \/>\n<meta property=\"og:site_name\" content=\"MegaG\" \/>\n<meta property=\"article:modified_time\" content=\"2021-05-24T21:02:04+00:00\" \/>\n<meta name=\"twitter:card\" content=\"summary_large_image\" \/>\n<script type=\"application\/ld+json\" class=\"yoast-schema-graph\">{\"@context\":\"https:\/\/schema.org\",\"@graph\":[{\"@type\":\"WebSite\",\"@id\":\"https:\/\/megag.com.br\/espaco-fornecedores\/#website\",\"url\":\"https:\/\/megag.com.br\/espaco-fornecedores\/\",\"name\":\"MegaG\",\"description\":\"Distribuidora de Alimentos\",\"potentialAction\":[{\"@type\":\"SearchAction\",\"target\":{\"@type\":\"EntryPoint\",\"urlTemplate\":\"https:\/\/megag.com.br\/espaco-fornecedores\/?s={search_term_string}\"},\"query-input\":\"required name=search_term_string\"}],\"inLanguage\":\"pt-BR\"},{\"@type\":\"WebPage\",\"@id\":\"https:\/\/megag.com.br\/espaco-fornecedores\/marcas-proprias\/#webpage\",\"url\":\"https:\/\/megag.com.br\/espaco-fornecedores\/marcas-proprias\/\",\"name\":\"Marcas Pr\\u00f3prias - MegaG\",\"isPartOf\":{\"@id\":\"https:\/\/megag.com.br\/espaco-fornecedores\/#website\"},\"datePublished\":\"2020-04-14T13:09:01+00:00\",\"dateModified\":\"2021-05-24T21:02:04+00:00\",\"breadcrumb\":{\"@id\":\"https:\/\/megag.com.br\/espaco-fornecedores\/marcas-proprias\/#breadcrumb\"},\"inLanguage\":\"pt-BR\",\"potentialAction\":[{\"@type\":\"ReadAction\",\"target\":[\"https:\/\/megag.com.br\/espaco-fornecedores\/marcas-proprias\/\"]}]},{\"@type\":\"BreadcrumbList\",\"@id\":\"https:\/\/megag.com.br\/espaco-fornecedores\/marcas-proprias\/#breadcrumb\",\"itemListElement\":[{\"@type\":\"ListItem\",\"position\":1,\"name\":\"In\\u00edcio\",\"item\":\"https:\/\/megag.com.br\/espaco-fornecedores\/\"},{\"@type\":\"ListItem\",\"position\":2,\"name\":\"Marcas Pr\\u00f3prias\"}]}]}<\/script>\n<!-- \/ Yoast SEO plugin. -->","yoast_head_json":{"robots":{"index":"noindex","follow":"follow","max-snippet":"max-snippet:-1","max-image-preview":"max-image-preview:large","max-video-preview":"max-video-preview:-1"},"og_locale":"pt_BR","og_type":"article","og_title":"Marcas Pr\u00f3prias - MegaG","og_description":"Um bom resultado come\u00e7a com boas escolhas! Buscamos frequentemente fechar acordos com parceiros para viabilizar bons neg\u00f3cios e oferecer produtos de qualidade com melhor custo-benef\u00edcio. Gra\u00e7as a esses parceiros contamos atualmente com um mix de produtos pr\u00f3prios que inclui: mussarela, requeij\u00e3o, tomate seco, parmes\u00e3o ralado, calabresa, or\u00e9gano, azeitona e farinha. Conhe\u00e7a a nossa linha de [&hellip;]","og_url":"https:\/\/megag.com.br\/espaco-fornecedores\/marcas-proprias\/","og_site_name":"MegaG","article_modified_time":"2021-05-24T21:02:04+00:00","twitter_card":"summary_large_image","schema":{"@context":"https:\/\/schema.org","@graph":[{"@type":"WebSite","@id":"https:\/\/megag.com.br\/espaco-fornecedores\/#website","url":"https:\/\/megag.com.br\/espaco-fornecedores\/","name":"MegaG","description":"Distribuidora de Alimentos","potentialAction":[{"@type":"SearchAction","target":{"@type":"EntryPoint","urlTemplate":"https:\/\/megag.com.br\/espaco-fornecedores\/?s={search_term_string}"},"query-input":"required name=search_term_string"}],"inLanguage":"pt-BR"},{"@type":"WebPage","@id":"https:\/\/megag.com.br\/espaco-fornecedores\/marcas-proprias\/#webpage","url":"https:\/\/megag.com.br\/espaco-fornecedores\/marcas-proprias\/","name":"Marcas Pr\u00f3prias - MegaG","isPartOf":{"@id":"https:\/\/megag.com.br\/espaco-fornecedores\/#website"},"datePublished":"2020-04-14T13:09:01+00:00","dateModified":"2021-05-24T21:02:04+00:00","breadcrumb":{"@id":"https:\/\/megag.com.br\/espaco-fornecedores\/marcas-proprias\/#breadcrumb"},"inLanguage":"pt-BR","potentialAction":[{"@type":"ReadAction","target":["https:\/\/megag.com.br\/espaco-fornecedores\/marcas-proprias\/"]}]},{"@type":"BreadcrumbList","@id":"https:\/\/megag.com.br\/espaco-fornecedores\/marcas-proprias\/#breadcrumb","itemListElement":[{"@type":"ListItem","position":1,"name":"In\u00edcio","item":"https:\/\/megag.com.br\/espaco-fornecedores\/"},{"@type":"ListItem","position":2,"name":"Marcas Pr\u00f3prias"}]}]}},"_links":{"self":[{"href":"https:\/\/megag.com.br\/espaco-fornecedores\/wp-json\/wp\/v2\/pages\/86143"}],"collection":[{"href":"https:\/\/megag.com.br\/espaco-fornecedores\/wp-json\/wp\/v2\/pages"}],"about":[{"href":"https:\/\/megag.com.br\/espaco-fornecedores\/wp-json\/wp\/v2\/types\/page"}],"author":[{"embeddable":true,"href":"https:\/\/megag.com.br\/espaco-fornecedores\/wp-json\/wp\/v2\/users\/101054"}],"replies":[{"embeddable":true,"href":"https:\/\/megag.com.br\/espaco-fornecedores\/wp-json\/wp\/v2\/comments?post=86143"}],"version-history":[{"count":9,"href":"https:\/\/megag.com.br\/espaco-fornecedores\/wp-json\/wp\/v2\/pages\/86143\/revisions"}],"predecessor-version":[{"id":99505,"href":"https:\/\/megag.com.br\/espaco-fornecedores\/wp-json\/wp\/v2\/pages\/86143\/revisions\/99505"}],"wp:attachment":[{"href":"https:\/\/megag.com.br\/espaco-fornecedores\/wp-json\/wp\/v2\/media?parent=86143"}],"curies":[{"name":"wp","href":"https:\/\/api.w.org\/{rel}","templated":true}]}}